t is the ten thousands digit of 18565?
1
What is the thousands digit of 8558?
8
What is the tens digit of 2401?
0
What is the tens digit of 35447?
4
What is the thousands digit of 5153?
5
What is the tens digit of 117?
1
What is the units digit of 15964?
4
What is the thousands digit of 5753?
5
What is the hundred thousands digit of 140604?
1
What is the units digit of 7776?
6
What is the units digit of 59777?
7
What is the hundreds digit of 97288?
2
What is the tens digit of 173048?
4
What is the hundreds digit of 15683?
6
What is the units digit of 1519?
9
What is the ten thousands digit of 30671?
3
What is the units digit of 70606?
6
What is the hundreds digit of 22979?
9
What is the ten thousands digit of 13320?
1
What is the tens digit of 9472?
7
What is the ten thousands digit of 20617?
2
What is the hundreds digit of 261?
2
What is the tens digit of 625?
2
What is the thousands digit of 3371?
3
What is the units digit of 5348?
8
What is the thousands digit of 107587?
7
What is the units digit of 702?
2
What is the tens digit of 683?
8
What is the thousands digit of 1325?
1
What is the tens digit of 31752?
5
What is the thousands digit of 68856?
8
What is the units digit of 14482?
2
What is the thousands digit of 1555?
1
What is the tens digit of 19154?
5
What is the hundreds digit of 292?
2
What is the hundreds digit of 158?
1
What is the units digit of 8026?
6
What is the units digit of 159288?
8
What is the units digit of 6510?
0
What is the hundreds digit of 5098?
0
What is the tens digit of 15739?
3
What is the hundreds digit of 284?
2
What is the tens digit of 2755?
5
What is the thousands digit of 4121?
4
What is the units digit of 18801?
1
What is the hundreds digit of 213?
2
What is the hundreds digit of 7423?
4
What is the units digit of 1645?
5
What is the thousands digit of 15904?
5
What is the hundreds digit of 442?
4
What is the thousands digit of 1666?
1
What is the tens digit of 33521?
2
What is the tens digit of 2167?
6
What is the units digit of 1067?
7
What is the hundreds digit of 1626?
6
What is the hundreds digit of 348?
3
What is the tens digit of 18332?
3
What is the thousands digit of 1227?
1
What is the hundreds digit of 590?
5
What is the thousands digit of 55036?
5
What is the hundreds digit of 31481?
4
What is the hundreds digit of 6905?
9
What is the hundreds digit of 5032?
0
What is the tens digit of 9121?
2
What is the hundreds digit of 35330?
3
What is the tens digit of 42012?
1
What is the hundred thousands digit of 124650?
1
What is the thousands digit of 16236?
6
What is the hundreds digit of 805?
8
What is the thousands digit of 3325?
3
What is the hundreds digit of 5987?
9
What is the tens digit of 113?
1
What is the units digit of 6416?
6
What is the tens digit of 7394?
9
What is the hundreds digit of 16303?
3
What is the units digit of 621?
1
What is the units digit of 11011?
1
What is the thousands digit of 43469?
3
What is the units digit of 3020?
0
What is the hundreds digit of 4565?
5
What is the hundreds digit of 14119?
1
What is the thousands digit of 1278?
1
What is the units digit of 16031?
1
What is the hundreds digit of 4495?
4
What is the hundreds digit of 2105?
1
What is the hundreds digit of 7333?
3
What is the hundreds digit of 3252?
2
What is the hundreds digit of 2403?
4
What is the units digit of 2428?
8
What is the units digit of 4891?
1
What is the hundreds digit of 4469?
4
What is the units digit of 895?
5
What is the hundreds digit of 41287?
2
What is the units digit of 3057?
7
What is the hundreds digit of 29039?
0
What is the units digit of 1446?
6
What is the thousands digit of 6715?
6
What is the tens digit of 3464?
6
What is the thousands digit of 6175?
6
What is the tens digit of 23260?
6
What is the tens digit of 19357?
5
What is the ten thousands digit of 78479?
7
What is the hundreds digit of 24106?
1
What is the hundreds digit of 1650?
6
What is the units digit of 174031?
1
What is the tens digit of 6829?
2
What is the tens digit of 365?
6
What is the hundreds digit of 130?
1
What is the units digit of 10793?
3
What is the units digit of 152760?
0
What is the tens digit of 8048?
4
What is the units digit of 3233?
3
What is the thousands digit of 7543?
7
What is the units digit of 5862?
2
What is the thousands digit of 15817?
5
What is the units digit of 738?
8
What is the tens digit of 1424?
2
What is the units digit of 103264?
4
What is the units digit of 127361?
1
What is the hundreds digit of 556?
5
What is the thousands digit of 2824?
2
What is the thousands digit of 1117?
1
What is the units digit of 462?
2
What is the hundreds digit of 347?
3
What is the units digit of 2912?
2
What is the hundreds digit of 62047?
0
What is the ten thousands digit of 16459?
1
What is the hundreds digit of 2235?
2
What is the units digit of 699?
9
What is the hundreds digit of 1987?
9
What is the hundreds digit of 1508?
5
What is the units digit of 14450?
0
What is the units digit of 1537?
7
What is the tens digit of 5063?
6
What is the hundreds digit of 63044?
0
What is the hundreds digit of 3305?
3
What is the tens digit of 80694?
9
What is the units digit of 130155?
5
What is the units digit of 854?
4
What is the thousands digit of 26202?
6
What is the thousands digit of 26404?
6
What is the hundreds digit of 25158?
1
What is the thousands digit of 11423?
1
What is the hundred thousands digit of 115519?
1
What is the units digit of 4024?
4
What is the ten thousands digit of 40818?
4
What is the hundreds digit of 1572?
5
What is the thousands digit of 12126?
2
What is the hundreds digit of 37922?
9
What is the tens digit of 38886?
8
What is the units digit of 668?
8
What is the units digit of 3599?
9
What is the thousands digit of 7877?
7
What is the hundreds digit of 5644?
6
What is the units digit of 6385?
5
What is the tens digit of 264?
6
What is the tens digit of 309?
0
What is the tens digit of 96?
9
What is the thousands digit of 7579?
7
What is the hundreds digit of 41981?
9
What is the hundreds digit of 757?
7
What is the tens digit of 21545?
4
What is the tens digit of 785?
8
What is the units digit of 2567?
7
What is the tens digit of 1099?
9
What is the units digit of 5894?
4
What is the tens digit of 6362?
6
What is the thousands digit of 4168?
4
What is the hundreds digit of 872?
8
What is the thousands digit of 3210?
3
What is the tens digit of 4927?
2
What is the units digit of 437?
7
What is the units digit of 18763?
3
What is the hundreds digit of 35345?
3
What is the thousands digit of 12368?
2
What is the ten thousands digit of 57324?
5
What is the units digit of 4931?
1
What is the tens digit of 653?
5
What is the tens digit of 23?
2
What is the hundreds digit of 3057?
0
What is the thousands digit of 5872?
5
What is the hundreds digit of 3965?
9
What is the hundreds digit of 31657?
6
What is the tens digit of 1430?
3
What is the units digit of 11143?
3
What is the ten thousands digit of 80257?
8
What is the units digit of 5195?
5
What is the tens digit of 21727?
2
What is the units digit of 538?
8
What is the hundreds digit of 438?
4
What is the ten thousands digit of 27281?
2
What is the tens digit of 1086?
8
What is the tens digit of 18109?
0
What is the units digit of 1025?
5
What is the tens digit of 20862?
6
What is the hundreds digit of 56863?
8
What is the hundreds digit of 1382?
3
What is the units digit of 22380?
0
What is the tens digit of 1652?
5
What is the units digit of 727?
7
What is the units digit of 412?
2
What is the hundreds digit of 389?
3
What is the tens digit of 7442?
4
What is the hundreds digit of 891?
8
What is the thousands digit of 34219?
4
What is the hundreds digit of 42810?
8
What is the tens digit of 81592?
9
What is the tens digit of 14413?
1
What is the tens digit of 3522?
2
What is the hundreds digit of 4430?
4
What is the hundreds digit of 583?
5
What is the hundreds digit of 581?
5
What is the ten thousands digit of 10492?
1
What is the hundreds digit of 6036?
0
What is the tens digit of 1091?
9
What is the units digit of 4107?
7
What is the units digit of 746?
6
What is the hundred thousands digit of 110866?
1
What is the thousands digit of 105412?
5
What is the units digit of 30?
0
What is the thousands digit of 